22. Let f be b(-9). Suppose 22*t - 17*t - f = 0. Suppose 0 = -t*h + 17864 + 3776. Is h a composite number?
True
Suppose -3*o = -1587 - 1482. Let a = 499 + o. Is a a composite number?
True
Let p(d) = 1160*d - 879. Is p(38) prime?
True
Suppose 2*s = -4*s + 24. Suppose 4*h + 32 = -0*h - t, s*t - 16 = 2*h. Is (h/(-4))/(-2)*-251 composite?
False
Let a = -1348 - -1984. Let b be (-54 - -47) + 442*-1. Let j = b + a. Is j prime?
False
Suppose 4102818 = 8*l + 86*l. Is l composite?
True
Suppose -3*w + 3*y = -947508, 26*y + 315824 = w + 29*y. Is w a prime number?
False
Suppose -1076 = -4*m + 244. Suppose -m = -35*g + 25*g. Is g prime?
False
Let j be (-4)/(-10)*25*1. Suppose -37*c + 20019 + 3325 = -3888. Suppose j*p - c = 844. Is p prime?
False
Let t = 124816 - -68907. Is t a prime number?
True
Let a = -3697 - -10220. Is a a composite number?
True
Let p = 212 - 5723. Let h = 3860 - p. Is h a prime number?
True
Let j be 4 - 96906/(-14) - 4/(-28). Suppose -1046 = -4*c + j. Is c a prime number?
True
Let w(c) = -1559*c**2 + 4625*c**2 + c - 1 + 2367*c**2. Suppose -199*a - 1 = -200*a. Is w(a) a prime number?
False
Let y(f) be the second derivative of f**4/12 - 3*f**3/2 + 2*f**2 - 34*f. Let d be y(9). Suppose 5*c + 1203 = d*a, 4*a - 1223 = 5*c - 4*c. Is a prime?
True
Let t = -29 + 33. Suppose -p + 4*c = t*p - 15338, 6 = 2*c. Suppose -9*y = y - p. Is y prime?
True
Let x = -64 + 221. Let d = -102 + x. Suppose y - d = 28. Is y a prime number?
True
Is 222*((-76)/8 - -10) a prime number?
False
Let j be (-2 - 0)/4*-24. Suppose d = -j*d + 2717. Is d a composite number?
True
Let u(s) = -156*s**3 - 5*s**2 - 51*s - 307. Is u(-6) prime?
False
Let d = 163 + -156. Is (-1069)/(-1) - (d - 5) prime?
False
Let o(j) = j**2 + 18*j + 1. Let a be o(-21). Suppose -a*n + 63*n = -30035. Is n prime?
False
Suppose 3528 = 12*b - 6*b. Let i be (-4020)/15*(-10)/8. Let p = b - i. Is p composite?
True
Suppose -20*o = 89*o - 27372147 + 1975474. Is o a prime number?
False
Let l(k) = k**2 - 7*k + 9. Let w be l(6). Suppose 3754 = -3*f - f + w*x, 3*f = -3*x - 2805. Let g = f + 1670. Is g prime?
True
Let y = -121 - -118. Is (-84)/56*17434*1/y composite?
True
Let o(z) = -61*z**3 - z**2 - z - 4. Let h be 2/5 + (-2)/(20/(-446)). Suppose -h = 2*p - 39. Is o(p) composite?
False
Let k be 54/10 + 18/(-45). Suppose -2*u = k*p - 2, u - 8 = -5*p - 2. Is (-2705)/u + (-21)/(-28) a composite number?
False
Suppose a - h - 4 = 2, 2 = a - 2*h. Suppose -a = 5*z, -10532 = -4*p - 2*z + 4*z. Suppose -5*w = 977 - p. Is w prime?
True
Suppose 3*l + 3 = -3*s, -s = s + l - 1. Suppose -1 = -j, -s*t + 5*j + 5 = -0*t. Suppose -o = 1, t*n - 10609 = 3*n - o. Is n a prime number?
False
Let h = 424 - 158. Suppose 3*g = -4*s + 530, -2*s - 2*g = -0*g - h. Let l = -64 + s. Is l a composite number?
False
Is (160/(-100))/((-4)/(-10)) - -22241 a prime number?
False
Suppose -39*u + 9*u = -2292441 - 3649749. Is u a prime number?
True
Let w be (-2)/(-8) + 180/(-80). Let o be (314/4 + (-36)/12)*w. Let x = o + 282. Is x a prime number?
True
Suppose -2*h = -f + 35883, -4*f + 57679 + 85850 = -5*h. Is f a composite number?
True
Let w = -10 - -12. Suppose 5*o - 3*d = -1461 + 4969, 2*d = -w. Is o composite?
False
Let g(u) = -2053*u - 3455. Is g(-66) prime?
False
Let u = -398 - -298. Is (-250)/u*8566/5 a composite number?
False
Let b(s) = 508*s**3 - 2*s**2 + s - 41. Is b(10) a prime number?
False
Let m = 12551 + 32930. Is m a prime number?
True
Is (-5)/50*15*4*12659/(-6) prime?
True
Let o be (-396526)/(-54) + 4/(-54). Suppose -138*d + 145*d = o. Is d prime?
True
Let y(n) = -2*n - 16. Let w be y(-9). Let h(x) = 7 + 12*x**w - 8 + x**3 - x**2 + 0*x**3. Is h(-8) composite?
False
Let r(l) = 2*l + 1. Let u be r(-2). Let v be 1 - (1 + u) - (-4 + 2). Suppose -4*j = v*f - 3*f - 2778, 5*j - 5*f = 3465. Is j a composite number?
True
Let j = 144636 - 75470. Is j composite?
True
Let v = 1991 - -1465. Suppose -4*i + v + 228 = 0. Suppose -3*o + 5*z + i = 0, -3*z - 614 = o - 3*o. Is o a prime number?
True
Let a(x) = 9*x**2 + 17*x - 3. Suppose 2*s = 4*s + i - 18, -2*s + 5*i - 6 = 0. Is a(s) a prime number?
True
Is 6 - (16 + -51)*(0 - (-28173)/3) prime?
False
Let y(r) = -3*r + 1. Let t be y(1). Let v(x) = -2*x**2 + x. Let b be v(-1). Is (977/b)/(t/6) a prime number?
True
Let j(f) be the second derivative of 609*f**5/10 - f**3/6 + f**2 - 77*f. Is j(1) prime?
False
Suppose 4*h = w - 3*w, 0 = 3*w - h + 7. Let d(n) = 101*n**2 - n + 3. Is d(w) composite?
False
Let v be ((-8)/(-40)*10)/(3/6). Suppose -2712 = -3*z + p + 12, -v*z = p - 3625. Is z a composite number?
False
Let t = -48 + 113. Suppose 14*b = t + 6725. Is b a composite number?
True
Let u be (-5)/(-15)*9/1. Suppose -5*i + u*m = -6805, -4*m = -5*m. Is i a prime number?
True
Let w(f) = 20162*f - 2479. Is w(6) a composite number?
False
Let s be (-3)/9 + 55/(-15). Let b be s/18 - (2 + 56/(-9)). Suppose 4 = b*i, 0 = a + 3*i - 2*i - 248. Is a prime?
False
Suppose 95*p - 97*p = 2772. Let a = p + 6767. Is a a prime number?
True
Suppose -20 = -8*w + 76. Let x(s) = 35*s - 64*s + w*s**2 + 3 + 34*s. Is x(10) composite?
True
Let m(o) = 63*o**2 - 33*o - 125. Is m(-8) prime?
False
Let o = 11 - 9. Suppose 0 = o*u + 261 + 949. Let n = u - -916. Is n prime?
True
Suppose x = 17*x - 32. Suppose 0 = h + u - 4 - 2, 0 = -3*h + 2*u - x. Suppose 3*t - 6615 = 4*n + 1748, -n = h*t - 5568. Is t prime?
False
Let y = 52 - 49. Suppose 0 = -y*a + 5 + 7, a = 5*t - 21. Suppose -t*c = 8*c - 1157. Is c a composite number?
False
Suppose -d = 5*r - 367696, -73552 = 2*r - 3*r + 3*d. Suppose r = 23*a + 26321. Is a a prime number?
True
Suppose -26*o + 98872 = 8*o. Let q = 6962 - o. Is q prime?
False
Let h(l) = -5956*l - 2845. Is h(-6) a prime number?
False
Is 1827/(-203)*85577/(-3) a prime number?
False
Let n(m) = 607*m**2 + 59*m - 287. Is n(-24) a prime number?
True
Let n(h) = -9*h**3 - 71*h**2 + 65*h + 57. Is n(-34) a composite number?
True
Let z(y) = 4616*y - 5. Is z(17) composite?
False
Let v(c) = c**2 - 9*c + 5. Let b be v(8). Let l = 211 - b. Suppose -144 - l = -2*t. Is t a prime number?
True
Let y(u) = 2*u**3 + 41*u**2 - 37*u - 24. Let l(x) = -x**3 - 21*x**2 + 18*x + 11. Let o(s) = 7*l(s) + 4*y(s). Is o(-14) prime?
True
Is 5 - 765/135 - (-2474818)/6 prime?
False
Suppose -2*s - b = -9, -2*b = 2*s + 3*s - 20. Let t be -3 + s - -4 - 14. Let p(y) = -37*y + 8. Is p(t) composite?
True
Let j(q) = 247*q**3 + 5*q**2 - q - 16. Let d be j(4). Suppose 163*t = 167*t - d. Is t a composite number?
False
Suppose 8503 = 3*x + 31897. Let t = 11339 + x. Is t prime?
True
Let g(h) = -13495*h + 938. Is g(-23) prime?
True
Suppose -148*c + 3*o - 342583 = -153*c, 0 = -2*c + 2*o + 137046. Is c a prime number?
False
Is (2 - (-1 - 55906)) + 12 a prime number?
True
Let t = -6926 - -69294. Suppose 59*f - t - 62181 = 0. Is f a composite number?
False
Suppose 4*v + 4*j = 6777212, 4*v + 3*j - 4244539 = 2532679. Is v a composite number?
False
Suppose -42*c = -26*c - 80. Suppose -2*i + 5*i = 0, -c*y + 1735 = i. Is y a prime number?
True
Let c = -6732 + 6757. Let v(g) = -4*g + 6. Let b be v(-5). Suppose -329 = c*k - b*k. Is k prime?
False
Suppose -13*s + 28*s - 221670 = 0. Suppose 17*b + b = s. Is b composite?
False
Let f = 1726 - -61. Suppose 29*o - 4484 = 24*o - 3*z, 0 = 2*o - z - f. Is o a composite number?
True
Let f(m) = 399*m**2 - 214*m + 2178. Is f(11) a prime number?
False
Let s(r) = 8*r + 2. Let p be s(-6). Let a = p - -46. Suppose -3*f + 270 = -0*x + 3*x, a = 2*x + f - 185. Is x prime?
False
Let o = -24 + 26. Suppose 3*n = -2*p + 4452, 3*n - 8 = -o. Suppose -1505 = -2*f - 5*u, -3*f - 3*u + p = -7*u. Is f a composite number?
True
Let f(d) = 3181*d**2 - 153*d + 2165. Is f(14) a composite number?
True
Suppose m - 3*l = 64579, 322985 = 5*m + 11*l - 8*l. Is m composite?
True
Suppose -a + p + 8 = 2*p, 3*a = -4*p + 27. Let b(q) = 1399*q + 2. Is b(a) a prime number?
True
Let n(l) = 8701*l**2 + 6*l + 15. Is n(-2) a prime number?
True
Let a(u) = 22*u**2 - 338*u + 75. Is a(53) a prime number?
False
Let q = 494 + -246. Suppose -q = -y - 45. Is y a composite number?
True
Suppose 0 = -2*y + 29*y - 837. Let u(r) = 148*r - 15. Is u(y) a composite number?
True
Let c(q) = 520292*q**3 + 3*q**2 + 3*q - 7. Is c(1) a prime number?
True
Let t = 1644 + 7382. Is t a prime number?
False
Sup